e?
False
Let t = -1610 + 1124. Let g = 335 - t. Is g prime?
True
Let r(o) = -324*o + 21 - 316*o + 917*o - 315*o. Suppose 0*x + 2*x + 5 = 3*n, 0 = 3*x + 4*n + 33. Is r(x) a prime number?
False
Let l = 153 + -948. Suppose 9885 = 5*f - 4*t, -5*t = f + 2*t - 2016. Let q = l + f. Is q composite?
True
Let q = 570 - 555. Let b(m) = 15*m**2 - 23*m + 79. Is b(q) composite?
False
Let x = -4 + 8. Suppose 0 = -x*k + 2*y + 25456, y = 4*y. Suppose k = 8*p - 892. Is p composite?
False
Let t(p) = -1658*p**3 + 2*p**2 + 4*p - 5. Let s(x) = x - 1. Let v(r) = -3*s(r) + t(r). Is v(-1) a prime number?
True
Let y(w) be the second derivative of w**4/12 + w**3/2 + 3691*w**2/2 - 2*w - 59. Is y(0) a composite number?
False
Suppose -4*z = -4*j + 32, -5*z + 7*z = -8. Is (-1)/j + (230469/(-4))/(-17) composite?
False
Let v(c) = 7*c**3 - 2*c**2 + 2*c - 8. Let s be (-1)/((-2)/(-7) - 3/(-63)). Let r(u) = -4*u - 9. Let t be r(s). Is v(t) a prime number?
False
Suppose -56*i = 48*i - 27012232. Is i a composite number?
False
Suppose 72*m = 3*m + 3436959. Is m a prime number?
True
Let z = 5546 + -9101. Let j = 2012 - z. Suppose 6*t - 2827 = j. Is t a prime number?
True
Suppose -2*v + 4*u = 2, u + 9 = 3*v - u. Suppose 4*n + 0*q - 10592 = v*q, 4*n - 2*q - 10580 = 0. Is n a composite number?
True
Let n = 90316 + -41087. Suppose -6*t + 14125 = -n. Is t a prime number?
True
Suppose y - 1114857 = -5*b + 3*y, 3*b + 3*y - 668889 = 0. Is b composite?
True
Let v = -113 + 213. Suppose 99*y + 4055 = v*y. Is y a prime number?
False
Suppose 20*n + 28 = 13*n. Is 5143 - n/(8 - 7) prime?
True
Suppose -349 = -53*v + 54*v. Let o = v - -79. Let q = 1669 + o. Is q composite?
False
Let w(h) = 42*h**2 - 26*h + 160. Let u be w(7). Let v = u + -1369. Is v prime?
False
Suppose -3851 = -s + 72960. Is s composite?
True
Suppose -4*h - 4*z = -6624, -5178 + 192 = -3*h + 3*z. Is (186/9)/(14/h) a composite number?
True
Let d(c) = 6*c - 16. Let r be d(6). Suppose r*t = 25*t - 280. Let a = t - 23. Is a a prime number?
False
Let f(o) = 4*o**3 - 7*o**2 + 41*o - 5. Let i be f(-19). Let k = -21100 - i. Is k composite?
True
Is -17 + 11 - (666 + 1)/((-5)/635) a composite number?
True
Is 3352346/18 + 2/(-9) + 1374/(-6183) composite?
True
Let g be (-85756)/68 - (-6)/51. Let w be 2/8 + g/52. Is (3834 - -1) + 22 + w composite?
False
Let q be -3 + 1 + 3 - 5. Let z(f) = -f**3 + f**2 - 3. Let p(d) = d**3 + 4*d**2 + 8*d - 1. Let u(j) = -p(j) + 2*z(j). Is u(q) a composite number?
True
Let m(y) = y**2 - 18*y + 19. Let u be m(17). Suppose -u*s + 876 = -11402. Is s a prime number?
False
Let w be (-1)/(2*(-1)/(-4)). Let n be -10*(w + 3)*(-5)/10. Is -1*(-379)/(n - 4) a composite number?
False
Suppose 245*k - 857649 + 1364297 - 5106033 = 0. Is k a prime number?
True
Suppose 146*v - 431532233 = -97*v - 10*v. Is v a composite number?
True
Suppose 1728 = 8*n + 336. Suppose -2*o + n - 14 = 0. Suppose -o + 611 = 3*z. Is z prime?
False
Let a be (-3)/((-45)/(-876)) - 4/(-10). Let l = a - -59. Is l*-1 + (-789)/(-3) prime?
False
Let y = -277833 + 447932. Is y prime?
True
Suppose 2*k - 12*t + 10*t - 108414 = 0, 15*t + 271115 = 5*k. Is k a composite number?
True
Let v(n) = 5*n**2 - n + 2. Let c be v(1). Suppose -c*w - 897 = 4359. Let z = 82 - w. Is z a composite number?
True
Suppose -6*k + 193 = 4*s - 5*k, 0 = s + k - 49. Let o(n) = 834*n - 1. Let l be o(4). Suppose 43*g = s*g - l. Is g a prime number?
False
Suppose 14*d - 8*d - 4452 = 0. Suppose 5*q + 233 = -5*t - d, 203 = -q + t. Let f = q + 998. Is f a composite number?
True
Suppose o = 5*n + 4*o + 61583, n + 12319 = -3*o. Let r be n/(-18) - 2/9. Suppose 6*m - 2598 = -r. Is m composite?
True
Suppose 2*v + 6 = i, i - 16 = -2*i + 4*v. Is i/(-14) + 495902/77 + 5 a composite number?
True
Let i be 3/(-1) - (-108)/3. Let m = -31 + i. Is (-4 + 1394 - (4 - 2))/m composite?
True
Suppose -p + 3 = p + 3*x, 3*p + 4*x - 5 = 0. Let j be p + -3 + (0 - -2). Suppose -3*i + 3*k = j*i - 888, 3*k = -i + 174. Is i prime?
False
Suppose 649 = -k - 10*k. Let z = k - -39. Is 92443/15 + z/(-150) a prime number?
True
Let u be (4/(-9))/((-16)/144). Suppose -4*l - 3*x + 40769 = 0, -10197 = -l - 0*x + u*x. Is l a prime number?
True
Suppose -4*p + w = 143, -p - p - 4*w - 94 = 0. Let j = p + 75. Suppose 3*f - j = 40. Is f prime?
False
Is ((-158)/6)/(4/2104)*9/(-6) a prime number?
False
Let x(t) = -937*t**2 - 46*t - 13. Let y(a) = -1406*a**2 - 70*a - 20. Let h(l) = 7*x(l) - 5*y(l). Is h(-4) a prime number?
True
Let n be (1 + 586/(-4))*(-66062)/87. Let q = n - 63180. Is q prime?
True
Let k(x) = -1076*x**3 - x**2 - 2*x. Let n be (3/(-2))/((-18)/408). Let g = -35 + n. Is k(g) prime?
False
Let x(l) = 4*l**2 - 5*l + 17. Let z = -13 + 33. Suppose 4*i + 0*i + 16 = -2*h, 0 = 4*i + h + z. Is x(i) composite?
False
Let u be 5466*(5 - (-14)/(-3)). Suppose 0 = 3*y - u - 125. Is y prime?
False
Suppose 106*k - 2034931 = 2363653 + 774534. Is k a composite number?
True
Suppose -29258073 = -488*f + 371*f. Is f a prime number?
False
Suppose -3*n + 211 = -d - 1017, -2049 = -5*n + 4*d. Is n composite?
False
Suppose 0 = 2*c + 3*c, -4*l + 74744 = 4*c. Is (l/12 + -1)/(5/30) prime?
True
Is (175/1225)/(1/48377 + 0) a prime number?
True
Let b = 543003 + -373420. Is b composite?
False
Suppose 0 = 12*w - 4*w + 568. Let a = -67 - w. Suppose y + 2510 = 3*y + a*f, -5*y = 4*f - 6257. Is y prime?
True
Suppose -10*g + 8722 = -3*g. Suppose 3095 = 5*j + h, 0*j + 2*h = -2*j + g. Suppose -4*m + j = -274. Is m prime?
True
Let j be 3/(1/13628*12). Suppose -4759 = -6*v + j. Is v a prime number?
True
Let c(s) = -s - 1. Let f be c(-1). Suppose -14*p + 9*p + 2*b + 14 = f, 3*p = -3*b. Suppose p*w = 3*o - 4919, -2*o - 6*w = -4*w - 3276. Is o prime?
False
Let x be (-6)/(-4) - (-55)/22. Suppose x*b + 860 = -676. Is -13*(b/3 - -1) a composite number?
True
Suppose -5 = 4*u - 5*r - 3, -5*u = -5*r + 5. Let q be 191*(u - 0/(-1)). Is (q/((-12)/(-4)))/(-1) prime?
True
Let l be (26 - 23562)*6/(-3). Suppose 51*j - 113527 = l. Is j a composite number?
True
Let s(i) = 3432*i**2 - 191*i + 1445. Is s(8) a composite number?
True
Suppose -410104 - 981542 = -6*c. Is c a composite number?
True
Suppose -7 + 19 = 6*h. Suppose -5*k = -h*n - 2*n - 27, 9 = 4*k + n. Suppose -10258 = -2*c + 4*f, 2*c - 10260 = -f + k*f. Is c prime?
False
Let l(g) = -g**2 + 10*g + 29. Let n be l(12). Suppose -62 = n*a - w, w + 16 = -0*a - a. Let j(f) = 2*f**2 - 16*f - 5. Is j(a) prime?
True
Let c be ((-36)/(-42))/((-4)/(-14)). Let p be (-3 - (2 - c)) + -5. Let w(v) = 6*v**2 - 2*v - 1. Is w(p) composite?
False
Let i(j) = -j**3 + 11*j**2 + 81*j + 10. Let d be i(-5). Let g be 4/1 - 1*2. Suppose 4*t = -6*f + g*f + 20600, -3*t = -d*f + 25726. Is f a prime number?
True
Let t(x) = 716*x**3 + 5*x**2 - 3*x + 2. Let d be t(2). Suppose 11*l - d = -5*l. Is l a prime number?
True
Let i = 153 - 732. Let c be 8750/(-4)*12/(-15). Let s = i + c. Is s a prime number?
True
Suppose -4*m - 12185 = m. Let b = 1117 + m. Let s = -815 - b. Is s prime?
False
Let s(y) = y**3 + 7*y**2 - 5*y + 6. Let n be s(-6). Let r = 529 - 598. Let f = n + r. Is f composite?
False
Let g be -6 + (-2 - -7) + 3*1303. Let c = g + -1963. Let r = c + -1278. Is r composite?
True
Suppose -4*q - 34094 + 193522 = 0. Is q a prime number?
True
Suppose 36359302 = 45*w + 6991627. Is w prime?
False
Let l = 586 - 1180. Let h = l + 19144. Suppose 8117 = 9*g - h. Is g composite?
False
Let x = 86 + -82. Suppose 2*o - 881 = -3*q, -6*o + o = -x*q - 2168. Suppose -3*r = 5*u - 989, -o = -3*u + 4*r + 169. Is u a prime number?
True
Suppose 4*v - 103748 = 2*l, -2*v - l + 51858 = -6*l. Is v a composite number?
False
Let o = -440450 + 689273. Suppose -o = 52*j - 61*j. Is j composite?
False
Let r(g) be the first derivative of -2*g - 7/3*g**3 + 13 - 1/4*g**4 - 19/2*g**2. Is r(-13) composite?
False
Let y(g) = -112*g + 2 - 5 - 2. Let f(o) = -o**2 - 101*o - 3. Let t be f(0). Is y(t) a prime number?
True
Let u(s) = -s**3 - 70*s**2 - 1442*s - 51. Is u(-62) composite?
False
Let h = 353473 + 404134. Is h composite?
False
Let d(u) = 10590*u - 5951. Is d(2) a composite number?
True
Suppose 56 = 2*j - 3*j - 3*b, 192 = -4*j + 4*b. Let t = -46 - j. Is (159/6)/(t*1/40) a prime number?
False
Let b(f) = 6219*f + 269. Is b(8) a composite number?
False
Let h = -119 + 3. Let v = h + 112. Is (-3 + 1)/(